{"id":5707,"date":"2024-04-02T15:09:20","date_gmt":"2024-04-02T13:09:20","guid":{"rendered":"https:\/\/fferrer.com\/?page_id=5707"},"modified":"2024-04-02T15:37:57","modified_gmt":"2024-04-02T13:37:57","slug":"llei-dades-i-dret-dimatge","status":"publish","type":"page","link":"https:\/\/fferrer.com\/ca\/llei-dades-i-dret-dimatge\/","title":{"rendered":"Llei dades i dret d&#8217;imatge"},"content":{"rendered":"\t\t<div data-elementor-type=\"wp-page\" data-elementor-id=\"5707\" class=\"elementor elementor-5707\" data-elementor-post-type=\"page\">\n\t\t\t\t<div class=\"elementor-element elementor-element-2872ad2 e-flex e-con-boxed e-con e-parent\" data-id=\"2872ad2\" data-element_type=\"container\" data-e-type=\"container\">\n\t\t\t\t\t<div class=\"e-con-inner\">\n\t\t\t\t<div class=\"elementor-element elementor-element-09b36d4 elementor-widget elementor-widget-text-editor\" data-id=\"09b36d4\" data-element_type=\"widget\" data-e-type=\"widget\" data-widget_type=\"text-editor.default\">\n\t\t\t\t<div class=\"elementor-widget-container\">\n\t\t\t\t\t\t\t\t\t<p>\u00a0<\/p><p>\u00a0<\/p><p>\u00a0<\/p><p><em>FRIGORIFICS FERRER S.A.U. amb domicili al Carrer\u00a0 Mas de Bigas, 2 (08500) Vic, NIF A.-08555344, tel\u00e8fon de contacte 938862500 i correu electr\u00f2nic de contacte <\/em><a href=\"mailto:legal@fferrer.es\"><em>legal@fferrer.com<\/em><\/a><em>, com a\u00a0 responsable del tractament, tractar\u00e0 les teves dades personals per a gestionar la teva sol\u00b7licitut de participaci\u00f3 en l&#8217;esdeveniment organitzat\u00a0 per l&#8217;empresa.<\/em><\/p><p><em>Amb l&#8217;acceptaci\u00f3 al tractament de la teva imatge, aquesta es podr\u00e0 utilitzar, explotar, represntar i reproduir, de forma gratu\u00efta i sense restriccions, en fotografies\u00a0 i\/o v\u00eddeos que es podran publicar a les comunicacions internes, a la p\u00e0gina web i\/o en les xarxes socials de l&#8217;empresa.\u00a0 <\/em><\/p><p><em>Quedes informat de que aquest consentiment implica l&#8217;acceptaci\u00f3 de les pol\u00edtiques de cada una de les plataformes de xarxes socials on es publicaran o es cediran les teves dades personals (Linkedin i Instagram) i que puguin suposar una transfer\u00e8ncia internacionals de dades\u00a0 als servidors de l&#8217;empresa amb seu a Estat Units d&#8217;Am\u00e8rica. FRIGOR\u00cdFICS FERRER, S.A.U. en\u00a0 cap moment ser\u00e0 responsable del tractament que realitzin aquestes plataformes.\u00a0 \u00a0FRIGOR\u00cdFICS FERRER, S.A.U. declina qualsevol responsabilitat que se li pugui exigir, derivada de l&#8217;\u00fas, explotaci\u00f3, representaci\u00f3 o reproducci\u00f3 d&#8217;aquestes imatges per part de tercers sense el seu consentiment expl\u00edcit.\u00a0<\/em><\/p><p><em>Aquests tractament queden legitimats pel teu consentiment\u00a0 <\/em><em>aqu\u00ed donat, que podr\u00e0s retirar en qualsevol moment sense que aix\u00f2 efecti\u00a0 a la licitutut del tractament previ a la seva retirada.\u00a0\u00a0<\/em><\/p><p><em>Les dades personals que has consentit que es publiquin podran ser accedides per tercers en el cas d&#8217;obligaci\u00f3 legal, o b\u00e9 tant pel personal de l&#8217;empresa com de tercers subcontractats quan sigui necessari pel compliment de les finalitats esmentades, com pels usuaris que tinguin acc\u00e9s als perfils de les xarxes socials de l&#8217;empresa.\u00a0<\/em><\/p><p><em>Les teves dades personals es conservaran fins a la finalitzaci\u00f3 de l&#8217;esdeveniment organitzat per l&#8217;empresa. Amb l&#8217;acceptaci\u00f3 del tractament de la teva imatge, les teves dades personals es conservaran fins que revoquis el teu consentiment.\u00a0\u00a0<\/em><\/p><p><em>En qualsevol moment pots solicitar al responable del tractament l&#8217;acc\u00e9s a les teves dades\u00a0 personals, la teva rectificaci\u00f3 o supressi\u00f3, o la limitaci\u00f3 del teu tractament, o oposar-te al tractament, aix\u00ed com el dret a la portabilitat de les dades, per escrit al domicili postal en el Carrer de Mas de Bigas, 2 (08500) Vic i correu electr\u00f2nic de contacte <\/em><a href=\"mailto:legal@fferrer.com\"><em>legal@fferrer.com<\/em><\/a><em>. En el cas de disconformitat amb el tractament de les teves dades\u00a0 pots presentar una reclamaci\u00f3 davant l&#8217;a Agencia Espa\u00f1ola de Protecci\u00f3n de Datos, organismo que ostenta la autoridad de control en la materia (<\/em><a href=\"http:\/\/www.aepd.es\"><em>www.aepd.es<\/em><\/a><em>).<\/em><\/p><p>\u00a0<\/p>\t\t\t\t\t\t\t\t<\/div>\n\t\t\t\t<\/div>\n\t\t\t\t\t<\/div>\n\t\t\t\t<\/div>\n\t\t\t\t<\/div>\n\t\t","protected":false},"excerpt":{"rendered":"<p>\u00a0 \u00a0 \u00a0 FRIGORIFICS FERRER S.A.U. amb domicili al Carrer\u00a0 Mas de Bigas, 2 (08500) Vic, NIF A.-08555344, tel\u00e8fon de contacte 938862500 i correu electr\u00f2nic de contacte legal@fferrer.com, com a\u00a0 responsable del tractament, tractar\u00e0 les teves dades personals per a gestionar la teva sol\u00b7licitut de participaci\u00f3 en l&#8217;esdeveniment organitzat\u00a0 per l&#8217;empresa. Amb l&#8217;acceptaci\u00f3 al tractament [&hellip;]<\/p>\n","protected":false},"author":4,"featured_media":0,"parent":0,"menu_order":0,"comment_status":"closed","ping_status":"closed","template":"","meta":{"_monsterinsights_skip_tracking":false,"_monsterinsights_sitenote_active":false,"_monsterinsights_sitenote_note":"","_monsterinsights_sitenote_category":0,"footnotes":""},"class_list":["post-5707","page","type-page","status-publish","hentry"],"aioseo_notices":[],"_links":{"self":[{"href":"https:\/\/fferrer.com\/ca\/wp-json\/wp\/v2\/pages\/5707","targetHints":{"allow":["GET"]}}],"collection":[{"href":"https:\/\/fferrer.com\/ca\/wp-json\/wp\/v2\/pages"}],"about":[{"href":"https:\/\/fferrer.com\/ca\/wp-json\/wp\/v2\/types\/page"}],"author":[{"embeddable":true,"href":"https:\/\/fferrer.com\/ca\/wp-json\/wp\/v2\/users\/4"}],"replies":[{"embeddable":true,"href":"https:\/\/fferrer.com\/ca\/wp-json\/wp\/v2\/comments?post=5707"}],"version-history":[{"count":8,"href":"https:\/\/fferrer.com\/ca\/wp-json\/wp\/v2\/pages\/5707\/revisions"}],"predecessor-version":[{"id":5724,"href":"https:\/\/fferrer.com\/ca\/wp-json\/wp\/v2\/pages\/5707\/revisions\/5724"}],"wp:attachment":[{"href":"https:\/\/fferrer.com\/ca\/wp-json\/wp\/v2\/media?parent=5707"}],"curies":[{"name":"wp","href":"https:\/\/api.w.org\/{rel}","templated":true}]}}

<div data-elementor-type="wp-page" data-elementor-id="5707" class="elementor elementor-5707" data-elementor-post-type="page">
				<div class="elementor-element elementor-element-2872ad2 e-flex e-con-boxed e-con e-parent" data-id="2872ad2" data-element_type="container" data-e-type="container">
					<div class="e-con-inner">
				<div class="elementor-element elementor-element-09b36d4 elementor-widget elementor-widget-text-editor" data-id="09b36d4" data-element_type="widget" data-e-type="widget" data-widget_type="text-editor.default">
				<div class="elementor-widget-container">
									<p> </p><p> </p><p> </p><p><em>FRIGORIFICS FERRER S.A.U. amb domicili al Carrer  Mas de Bigas, 2 (08500) Vic, NIF A.-08555344, telèfon de contacte 938862500 i correu electrònic de contacte </em><a href="mailto:legal@fferrer.es"><em>legal@fferrer.com</em></a><em>, com a  responsable del tractament, tractarà les teves dades personals per a gestionar la teva sol·licitut de participació en l&#8217;esdeveniment organitzat  per l&#8217;empresa.</em></p><p><em>Amb l&#8217;acceptació al tractament de la teva imatge, aquesta es podrà utilitzar, explotar, represntar i reproduir, de forma gratuïta i sense restriccions, en fotografies  i/o vídeos que es podran publicar a les comunicacions internes, a la pàgina web i/o en les xarxes socials de l&#8217;empresa.  </em></p><p><em>Quedes informat de que aquest consentiment implica l&#8217;acceptació de les polítiques de cada una de les plataformes de xarxes socials on es publicaran o es cediran les teves dades personals (Linkedin i Instagram) i que puguin suposar una transferència internacionals de dades  als servidors de l&#8217;empresa amb seu a Estat Units d&#8217;Amèrica. FRIGORÍFICS FERRER, S.A.U. en  cap moment serà responsable del tractament que realitzin aquestes plataformes.   FRIGORÍFICS FERRER, S.A.U. declina qualsevol responsabilitat que se li pugui exigir, derivada de l&#8217;ús, explotació, representació o reproducció d&#8217;aquestes imatges per part de tercers sense el seu consentiment explícit. </em></p><p><em>Aquests tractament queden legitimats pel teu consentiment  </em><em>aquí donat, que podràs retirar en qualsevol moment sense que això efecti  a la licitutut del tractament previ a la seva retirada.  </em></p><p><em>Les dades personals que has consentit que es publiquin podran ser accedides per tercers en el cas d&#8217;obligació legal, o bé tant pel personal de l&#8217;empresa com de tercers subcontractats quan sigui necessari pel compliment de les finalitats esmentades, com pels usuaris que tinguin accés als perfils de les xarxes socials de l&#8217;empresa. </em></p><p><em>Les teves dades personals es conservaran fins a la finalització de l&#8217;esdeveniment organitzat per l&#8217;empresa. Amb l&#8217;acceptació del tractament de la teva imatge, les teves dades personals es conservaran fins que revoquis el teu consentiment.  </em></p><p><em>En qualsevol moment pots solicitar al responable del tractament l&#8217;accés a les teves dades  personals, la teva rectificació o supressió, o la limitació del teu tractament, o oposar-te al tractament, així com el dret a la portabilitat de les dades, per escrit al domicili postal en el Carrer de Mas de Bigas, 2 (08500) Vic i correu electrònic de contacte </em><a href="mailto:legal@fferrer.com"><em>legal@fferrer.com</em></a><em>. En el cas de disconformitat amb el tractament de les teves dades  pots presentar una reclamació davant l&#8217;a Agencia Española de Protección de Datos, organismo que ostenta la autoridad de control en la materia (</em><a href="http://www.aepd.es"><em>www.aepd.es</em></a><em>).</em></p><p> </p>								</div>
				</div>
					</div>
				</div>
				</div>

<p>      FRIGORIFICS FERRER S.A.U. amb domicili al Carrer  Mas de Bigas, 2 (08500) Vic, NIF A.-08555344, telèfon de contacte 938862500 i correu electrònic de contacte legal@fferrer.com, com a  responsable del tractament, tractarà les teves dades personals per a gestionar la teva sol·licitut de participació en l&#8217;esdeveniment organitzat  per l&#8217;empresa. Amb l&#8217;acceptació al tractament [&hellip;]</p>
