{"id":3,"date":"2023-11-06T10:34:56","date_gmt":"2023-11-06T09:34:56","guid":{"rendered":"https:\/\/fferrer.com\/?page_id=3"},"modified":"2024-01-12T15:05:47","modified_gmt":"2024-01-12T14:05:47","slug":"politica-de-privacitat-i-proteccio-de-dades","status":"publish","type":"page","link":"https:\/\/fferrer.com\/ca\/politica-de-privacitat-i-proteccio-de-dades\/","title":{"rendered":"Pol\u00edtica de privacitat i protecci\u00f3 de dades"},"content":{"rendered":"\t\t<div data-elementor-type=\"wp-page\" data-elementor-id=\"3\" class=\"elementor elementor-3\" data-elementor-post-type=\"page\">\n\t\t\t\t<div class=\"elementor-element elementor-element-6215774 e-flex e-con-boxed e-con e-parent\" data-id=\"6215774\" data-element_type=\"container\" data-e-type=\"container\">\n\t\t\t\t\t<div class=\"e-con-inner\">\n\t\t\t\t<div class=\"elementor-element elementor-element-4705a32 elementor-widget elementor-widget-text-editor\" data-id=\"4705a32\" data-element_type=\"widget\" data-e-type=\"widget\" data-widget_type=\"text-editor.default\">\n\t\t\t\t<div class=\"elementor-widget-container\">\n\t\t\t\t\t\t\t\t\t<div class=\"blog-title\"><h4>Pol\u00edtica de privacitat i protecci\u00f3 de dades<\/h4><\/div><div class=\"col-xs-12 col-md-12 nopadding\"><p>Data d\u2019\u00faltima actualitzaci\u00f3:\u00a09 de desembre de 2022<\/p><p><strong>1. OBJECTE<\/strong><\/p><p>La present pol\u00edtica de privacitat regula el tractament de dades personals que es realitza a trav\u00e9s de la p\u00e0gina web https:\/\/www.fferrer.es\/ca (en endavant, la \u201cP\u00e0gina Web\u201d).<\/p><p><strong>2. RESPONSABLE DEL TRACTAMENT<\/strong><\/p><p>Ra\u00f3 Social: Frigor\u00edfics Ferrer, S.A.U.<br \/>Domicili Social: Carrer Mes de Bigas, 2(08500) Vic<br \/>Correu electr\u00f2nic:\u00a0<a href=\"mailto:legal@fferrer.es\"><span class=\"cloaked_email\">legal@fferrer.es<\/span><\/a><br \/>Tel\u00e8fon: 938862500<br \/>NIF: A-08555344<br \/>Inscrita al Registre Mercantil de Barcelona, al volum 39.820, foli 178, fulla n\u00famero B-14.263, inscripci\u00f3 34\u00aa.<\/p><p><strong>3. DADES PERSONALS<\/strong><\/p><p>Frigor\u00edfics Ferrer recollir\u00e0 exclusivament les dades personals adequades, pertinents i limitades al que sigui necessari en relaci\u00f3 amb les finalitats per a les quals s\u00f3n tractades, segons corresponguin en cada cas.<\/p><p>L&#8217;usuari garanteix l&#8217;autenticitat de les dades comunicades i ser\u00e0 l&#8217;\u00fanic responsable de qualsevol manifestaci\u00f3 falsa o inexacta.<\/p><p><strong>4. FINALITATS DEL TRACTAMENT<\/strong><\/p><p>Les dades personals rebudes a trav\u00e9s de la P\u00e0gina Web es tractaran per a les finalitats seg\u00fcents, segons correspongui en cada cas:<\/p><ul><li>Respondre les persones que s&#8217;han posat en contacte amb Frigor\u00edfics Ferrer amb l&#8217;inter\u00e8s potencial per esdevenir els seus clients.<\/li><li>Consultar, investigar i atendre les consultes dirigides a Frigor\u00edfics Ferrer.<\/li><li>Consultar, investigar i atendre les reclamacions dirigides a Frigor\u00edfics Ferrer.<\/li><li>Revisi\u00f3 i valoraci\u00f3 de la informaci\u00f3 i\/o documentaci\u00f3 proporcionada a Frigor\u00edfics Ferrer amb l\u2019objectiu de participar en un proc\u00e9s de selecci\u00f3 d\u2019una vacant existent o futura, o b\u00e9 per presentar una candidatura espont\u00e0nia. En cas que fos d\u2019inter\u00e8s de Frigor\u00edfics Ferrer, es posar\u00e0 en contacte amb l\u2019interessat amb la intenci\u00f3 de valorar la seva candidatura.<\/li><li>Manteniment d\u2019una relaci\u00f3 contractual amb el destinatari o amb l&#8217;empresa o organitzaci\u00f3 en la qu\u00e8 aquest treballa o col\u00b7labora. Aquest tractament inclour\u00e0 la gesti\u00f3 comercial i administrativa pr\u00f2pia de la relaci\u00f3 contractual existent, \u00e9s a dir, la gesti\u00f3 de la documentaci\u00f3 contractual, el control de pagament o cobrament de factures, i la gesti\u00f3 d\u2019impagats.<\/li><li>Gesti\u00f3 del compliment de les obligacions legalment estipulades.<\/li><li>Prevenci\u00f3, detecci\u00f3 i control d&#8217;abusos i fraus comesos a la present p\u00e0gina web o a trav\u00e9s de la mateixa.<\/li><\/ul><p><strong><br \/>5. LEGITIMACI\u00d3 DEL TRACTAMENT<\/strong><\/p><p>La base jur\u00eddica del tractament de les dades personals ser\u00e0 el consentiment de l&#8217;usuari, en cas d&#8217;haver estat prestat en les finalitats seg\u00fcents:<\/p><ul><li>Consultar, investigar i atendre les consultes dirigides a Frigor\u00edfics Ferrer.<\/li><li>Consultar, investigar i atendre les reclamacions dirigides a Frigor\u00edfics Ferrer.<\/li><\/ul><p><br \/>L&#8217;usuari tindr\u00e0 dret a retirar el consentiment en qualsevol moment, sense que aix\u00f2 afecti la licitud del tractament previ a la seva retirada.<\/p><p>La base jur\u00eddica del tractament de les dades personals ser\u00e0 l\u2019aplicaci\u00f3 de les mesures precontractuals sol\u00b7licitades, en cas d&#8217;haver estat prestat en les finalitats seg\u00fcents:<\/p><ul><li>Respondre les persones que s&#8217;han posat en contacte amb Frigor\u00edfics Ferrer amb l&#8217;inter\u00e8s potencial per esdevenir els seus clients.<\/li><li>Revisi\u00f3 i valoraci\u00f3 de la informaci\u00f3 i\/o documentaci\u00f3 proporcionada a Frigor\u00edfics Ferrer amb l\u2019objectiu de participar en un proc\u00e9s de selecci\u00f3 d\u2019una vacant existent o futura, o b\u00e9 per presentar una candidatura espont\u00e0nia. En cas que fos d\u2019inter\u00e8s de Frigor\u00edfics Ferrer, es posar\u00e0 en contacte amb l\u2019interessat amb la intenci\u00f3 de valorar la seva candidatura.<\/li><\/ul><p><br \/>El tractament de les dades personals segons la finalitat esmentada \u00e9s necessari per poder contactar amb els interessats atenent la seva intenci\u00f3 de concloure un contracte.<\/p><p>Per altra banda, la base jur\u00eddica del tractament de les dades personals ser\u00e0 el compliment d&#8217;una obligaci\u00f3 legal, en cas d&#8217;haver estat prestat en les finalitats seg\u00fcents:<\/p><ul><li>Gesti\u00f3 del compliment de les obligacions legalment estipulades.<\/li><\/ul><p><br \/>El tractament de les dades personals segons les finalitats esmentades \u00e9s necessari perqu\u00e8 Frigor\u00edfics Ferrer pugui complir amb les obligacions que li imposa la legislaci\u00f3 aplicable.<\/p><p>Finalment, la base jur\u00eddica del tractament de les dades personals ser\u00e0 l\u2019inter\u00e8s leg\u00edtim de l\u2019empresa, en cas d&#8217;haver estat prestat la finalitat seg\u00fcent:<\/p><ul><li>Manteniment d\u2019una relaci\u00f3 contractual amb el destinatari o amb l&#8217;empresa o organitzaci\u00f3 en la qu\u00e8 aquest treballa o col\u00b7labora. Aquest tractament inclour\u00e0 la gesti\u00f3 comercial i administrativa pr\u00f2pia de la relaci\u00f3 contractual existent, \u00e9s a dir, la gesti\u00f3 de la documentaci\u00f3 contractual, el control de pagament o cobrament de factures, i la gesti\u00f3 d\u2019impagats. L\u2019inter\u00e8s leg\u00edtim de l\u2019empresa est\u00e0 reconegut per la normativa.<\/li><li>Prevenci\u00f3, detecci\u00f3 i control d&#8217;abusos i fraus comesos a la present p\u00e0gina web o a trav\u00e9s de la mateixa. L\u2019inter\u00e8s leg\u00edtim de Frigor\u00edfics Ferrer consisteix en el seu inter\u00e8s en mantenir la present p\u00e0gina web com un lloc web segur.<\/li><\/ul><p><strong><br \/>6. DESTINATARIS<\/strong><\/p><p>Frigor\u00edfics Ferrer no vendr\u00e0 les dades personals objecte dels seus tractaments.<\/p><p>Per altra banda, l\u2019empresa no comunicar\u00e0 les dades personals a tercers, excepte en cas d&#8217;obligaci\u00f3 legal i als tercers contractats per l\u2019empresa per tal de poder dur a terme les finalitats de tractament indicades.<\/p><p><strong>7. TERMINIS DE CONSERVACI\u00d3<\/strong><\/p><p>En cas que la base jur\u00eddica del tractament consisteixi en el consentiment de l&#8217;usuari, les dades seran conservades mentre aquest no es revoqui.<\/p><p>Si la base jur\u00eddica del tractament consisteix en l\u2019execuci\u00f3 d\u2019un contracte, les dades seran conservades durant la seva vig\u00e8ncia.<\/p><p>Un cop finalitzada la finalitat per la qual es van recollir les dades personals, aquestes es conservaran durant tot el per\u00edode de temps que poguessin exigir-se responsabilitats a Frigor\u00edfics Ferrer segons estipula la llei aplicable, procedint, si escau, al bloqueig de les dades fins que hagi transcorregut el termini de prescripci\u00f3 corresponent.<\/p><p><strong>8. DRETS DELS USUARIS<\/strong><\/p><p>L\u2019informem que en qualsevol moment pot exercir els drets d&#8217;acc\u00e9s, rectificaci\u00f3, supressi\u00f3, limitaci\u00f3, oposici\u00f3 i portabilitat respecte a les seves dades de car\u00e0cter personal previstes a la normativa en mat\u00e8ria de protecci\u00f3 de dades, enviant un escrit al domicili postal de Carrer Mes de Bigas, 2(08500) Vic o b\u00e9 al correu electr\u00f2nic\u00a0<a href=\"mailto:legal@fferrer.es\"><span class=\"cloaked_email\">legal@fferrer.es<\/span><\/a><\/p><p>En concret, pot exercir els drets que es desenvolupen a continuaci\u00f3:<\/p><ul><li>Accedir a les seves dades personals.<\/li><li>Rectificar les dades inexactes o incompletes.<\/li><li>Sol\u00b7licitar la supressi\u00f3 de les seves dades quan, entre altres motius, les dades ja no siguin necess\u00e0ries per les finalitats per a les quals van ser recollides.<\/li><li>Exercir la limitaci\u00f3 del tractament de les dades quan es compleixi alguna de les condicions previstes en la normativa de protecci\u00f3 de dades.<\/li><li>En determinades circumst\u00e0ncies i per motius relacionats amb la seva situaci\u00f3 particular respecte al tractament de les seves dades, els interessats podran oposar-se al tractament. En aquests casos, Frigor\u00edfics Ferrer deixar\u00e0 de tractar les dades, excepte per motius leg\u00edtims imperiosos, o l\u2019exercici o la defensa de possibles reclamacions.<\/li><li>Obtenir intervenci\u00f3 humana, a expressar el seu punt de vista i a impugnar les decisions automatitzades adoptades per part de Frigor\u00edfics Ferrer, si s\u2019escau.<\/li><li>Sol\u00b7licitar la portabilitat de les seves dades.<\/li><\/ul><p><br \/>En cas de disconformitat en relaci\u00f3 a la tramitaci\u00f3 de les seves dades pot presentar una reclamaci\u00f3 davant l&#8217;Ag\u00e8ncia Espanyola de Protecci\u00f3 de Dades, organisme que ostenta l&#8217;autoritat de control en la mat\u00e8ria, ubicada al carrer Jorge Juan, n\u00famero 6 (28001) Madrid (www.aepd.es).<\/p><h4>Informaci\u00f3 relativa a la videovigil\u00e0ncia<\/h4><p><strong><br \/>1. RESPONSABLE DEL TRACTAMENT<\/strong><\/p><p>Ra\u00f3 Social: Frigor\u00edfics Ferrer, S.A.U.<br \/>Domicili Social: Carrer Mes de Bigas, 2(08500) Vic<br \/>Correu electr\u00f2nic:\u00a0<a href=\"mailto:legal@fferrer.es\"><span class=\"cloaked_email\">legal@fferrer.es<\/span><\/a><br \/>Tel\u00e8fon: 938862500<br \/>NIF: A-08555344<br \/>Inscrita al Registre Mercantil de Barcelona, al volum 39.820, foli 178, fulla n\u00famero B-14.263, inscripci\u00f3 34\u00aa.<\/p><p><strong>2. FINALITAT DEL TRACTAMENT<\/strong><\/p><ul><li>Garantir la seguretat de les instal\u00b7lacions, b\u00e9ns i persones.<\/li><li>Sancionar o denunciar en el seu cas qualsevol fet o incid\u00e8ncia davant les autoritats competents o atendre els requeriments de les mateixes.<\/li><\/ul><p><strong><br \/>3. BASE JUR\u00cdDICA<br \/><\/strong><\/p><ul><li>Compliment d\u2019una missi\u00f3 d\u2019Inter\u00e8s p\u00fablic.<\/li><li>Inter\u00e8s leg\u00edtim de l\u2019empresa a protegir les seves instal\u00b7lacions i b\u00e9ns empresarials, aix\u00ed com les persones que concorrin en les mateixes.<\/li><li>Facultats legals de control concedides al responsable del tractament per la normativa laboral.<\/li><\/ul><p><strong><br \/>4. DESTINATARIS<br \/><\/strong><\/p><ul><li>Forces i Cossos de Seguretat. Jutjats i Tribunals.<\/li><li>Empresa de seguretat subcontractada.<\/li><\/ul><p><strong><br \/>5. TERMINIS DE CONSERVACI\u00d3<\/strong><\/p><p>Les imatges enregistrades es conservaran com a m\u00e0xim durant 1 mes, excepte en cas que s\u2019hagi hagut de comunicar a les Forces i Cossos de Seguretat, Jutjats i\/o Tribunals.<\/p><p><strong>6. DRETS DELS INTERESSATS<\/strong><\/p><p>L\u2019informem que en qualsevol moment pot exercir els drets d\u2019acc\u00e9s, supressi\u00f3, limitaci\u00f3 i (en el seu cas) oposici\u00f3 respecte a les seves dades de car\u00e0cter personal previstes a la normativa en mat\u00e8ria de protecci\u00f3 de dades, enviant un escrit al domicili postal al Carrer Mes de Bigas, 2 (08500) Vic, o b\u00e9 al correu electr\u00f2nic\u00a0<a href=\"mailto:legal@fferrer.es\"><span class=\"cloaked_email\">legal@fferrer.es<\/span><\/a>. En cas de disconformitat en relaci\u00f3 a la tramitaci\u00f3 de les seves dades pot presentar una reclamaci\u00f3 davant l\u2019Ag\u00e8ncia Espanyola de Protecci\u00f3 de Dades, organisme que ostenta l\u2019autoritat de control en la mat\u00e8ria, situada al carrer Jorge Juan, 6 (28001) Madrid (www.aepd.es).<\/p><\/div>\t\t\t\t\t\t\t\t<\/div>\n\t\t\t\t<\/div>\n\t\t\t\t\t<\/div>\n\t\t\t\t<\/div>\n\t\t\t\t<\/div>\n\t\t","protected":false},"excerpt":{"rendered":"<p>Pol\u00edtica de privacitat i protecci\u00f3 de dades Data d\u2019\u00faltima actualitzaci\u00f3:\u00a09 de desembre de 2022 1. OBJECTE La present pol\u00edtica de privacitat regula el tractament de dades personals que es realitza a trav\u00e9s de la p\u00e0gina web https:\/\/www.fferrer.es\/ca (en endavant, la \u201cP\u00e0gina Web\u201d). 2. RESPONSABLE DEL TRACTAMENT Ra\u00f3 Social: Frigor\u00edfics Ferrer, S.A.U.Domicili Social: Carrer Mes de [&hellip;]<\/p>\n","protected":false},"author":2,"featured_media":0,"parent":0,"menu_order":0,"comment_status":"closed","ping_status":"closed","template":"","meta":{"_monsterinsights_skip_tracking":false,"_monsterinsights_sitenote_active":false,"_monsterinsights_sitenote_note":"","_monsterinsights_sitenote_category":0,"footnotes":""},"class_list":["post-3","page","type-page","status-publish","hentry"],"aioseo_notices":[],"_links":{"self":[{"href":"https:\/\/fferrer.com\/ca\/wp-json\/wp\/v2\/pages\/3","targetHints":{"allow":["GET"]}}],"collection":[{"href":"https:\/\/fferrer.com\/ca\/wp-json\/wp\/v2\/pages"}],"about":[{"href":"https:\/\/fferrer.com\/ca\/wp-json\/wp\/v2\/types\/page"}],"author":[{"embeddable":true,"href":"https:\/\/fferrer.com\/ca\/wp-json\/wp\/v2\/users\/2"}],"replies":[{"embeddable":true,"href":"https:\/\/fferrer.com\/ca\/wp-json\/wp\/v2\/comments?post=3"}],"version-history":[{"count":14,"href":"https:\/\/fferrer.com\/ca\/wp-json\/wp\/v2\/pages\/3\/revisions"}],"predecessor-version":[{"id":4973,"href":"https:\/\/fferrer.com\/ca\/wp-json\/wp\/v2\/pages\/3\/revisions\/4973"}],"wp:attachment":[{"href":"https:\/\/fferrer.com\/ca\/wp-json\/wp\/v2\/media?parent=3"}],"curies":[{"name":"wp","href":"https:\/\/api.w.org\/{rel}","templated":true}]}}

Política de privacitat i protecció de dades

<div data-elementor-type="wp-page" data-elementor-id="3" class="elementor elementor-3" data-elementor-post-type="page">
				<div class="elementor-element elementor-element-6215774 e-flex e-con-boxed e-con e-parent" data-id="6215774" data-element_type="container" data-e-type="container">
					<div class="e-con-inner">
				<div class="elementor-element elementor-element-4705a32 elementor-widget elementor-widget-text-editor" data-id="4705a32" data-element_type="widget" data-e-type="widget" data-widget_type="text-editor.default">
				<div class="elementor-widget-container">
									<div class="blog-title"><h4>Política de privacitat i protecció de dades</h4></div><div class="col-xs-12 col-md-12 nopadding"><p>Data d’última actualització: 9 de desembre de 2022</p><p><strong>1. OBJECTE</strong></p><p>La present política de privacitat regula el tractament de dades personals que es realitza a través de la pàgina web https://www.fferrer.es/ca (en endavant, la “Pàgina Web”).</p><p><strong>2. RESPONSABLE DEL TRACTAMENT</strong></p><p>Raó Social: Frigorífics Ferrer, S.A.U.<br />Domicili Social: Carrer Mes de Bigas, 2(08500) Vic<br />Correu electrònic: <a href="mailto:legal@fferrer.es"><span class="cloaked_email">legal@fferrer.es</span></a><br />Telèfon: 938862500<br />NIF: A-08555344<br />Inscrita al Registre Mercantil de Barcelona, al volum 39.820, foli 178, fulla número B-14.263, inscripció 34ª.</p><p><strong>3. DADES PERSONALS</strong></p><p>Frigorífics Ferrer recollirà exclusivament les dades personals adequades, pertinents i limitades al que sigui necessari en relació amb les finalitats per a les quals són tractades, segons corresponguin en cada cas.</p><p>L&#8217;usuari garanteix l&#8217;autenticitat de les dades comunicades i serà l&#8217;únic responsable de qualsevol manifestació falsa o inexacta.</p><p><strong>4. FINALITATS DEL TRACTAMENT</strong></p><p>Les dades personals rebudes a través de la Pàgina Web es tractaran per a les finalitats següents, segons correspongui en cada cas:</p><ul><li>Respondre les persones que s&#8217;han posat en contacte amb Frigorífics Ferrer amb l&#8217;interès potencial per esdevenir els seus clients.</li><li>Consultar, investigar i atendre les consultes dirigides a Frigorífics Ferrer.</li><li>Consultar, investigar i atendre les reclamacions dirigides a Frigorífics Ferrer.</li><li>Revisió i valoració de la informació i/o documentació proporcionada a Frigorífics Ferrer amb l’objectiu de participar en un procés de selecció d’una vacant existent o futura, o bé per presentar una candidatura espontània. En cas que fos d’interès de Frigorífics Ferrer, es posarà en contacte amb l’interessat amb la intenció de valorar la seva candidatura.</li><li>Manteniment d’una relació contractual amb el destinatari o amb l&#8217;empresa o organització en la què aquest treballa o col·labora. Aquest tractament inclourà la gestió comercial i administrativa pròpia de la relació contractual existent, és a dir, la gestió de la documentació contractual, el control de pagament o cobrament de factures, i la gestió d’impagats.</li><li>Gestió del compliment de les obligacions legalment estipulades.</li><li>Prevenció, detecció i control d&#8217;abusos i fraus comesos a la present pàgina web o a través de la mateixa.</li></ul><p><strong><br />5. LEGITIMACIÓ DEL TRACTAMENT</strong></p><p>La base jurídica del tractament de les dades personals serà el consentiment de l&#8217;usuari, en cas d&#8217;haver estat prestat en les finalitats següents:</p><ul><li>Consultar, investigar i atendre les consultes dirigides a Frigorífics Ferrer.</li><li>Consultar, investigar i atendre les reclamacions dirigides a Frigorífics Ferrer.</li></ul><p><br />L&#8217;usuari tindrà dret a retirar el consentiment en qualsevol moment, sense que això afecti la licitud del tractament previ a la seva retirada.</p><p>La base jurídica del tractament de les dades personals serà l’aplicació de les mesures precontractuals sol·licitades, en cas d&#8217;haver estat prestat en les finalitats següents:</p><ul><li>Respondre les persones que s&#8217;han posat en contacte amb Frigorífics Ferrer amb l&#8217;interès potencial per esdevenir els seus clients.</li><li>Revisió i valoració de la informació i/o documentació proporcionada a Frigorífics Ferrer amb l’objectiu de participar en un procés de selecció d’una vacant existent o futura, o bé per presentar una candidatura espontània. En cas que fos d’interès de Frigorífics Ferrer, es posarà en contacte amb l’interessat amb la intenció de valorar la seva candidatura.</li></ul><p><br />El tractament de les dades personals segons la finalitat esmentada és necessari per poder contactar amb els interessats atenent la seva intenció de concloure un contracte.</p><p>Per altra banda, la base jurídica del tractament de les dades personals serà el compliment d&#8217;una obligació legal, en cas d&#8217;haver estat prestat en les finalitats següents:</p><ul><li>Gestió del compliment de les obligacions legalment estipulades.</li></ul><p><br />El tractament de les dades personals segons les finalitats esmentades és necessari perquè Frigorífics Ferrer pugui complir amb les obligacions que li imposa la legislació aplicable.</p><p>Finalment, la base jurídica del tractament de les dades personals serà l’interès legítim de l’empresa, en cas d&#8217;haver estat prestat la finalitat següent:</p><ul><li>Manteniment d’una relació contractual amb el destinatari o amb l&#8217;empresa o organització en la què aquest treballa o col·labora. Aquest tractament inclourà la gestió comercial i administrativa pròpia de la relació contractual existent, és a dir, la gestió de la documentació contractual, el control de pagament o cobrament de factures, i la gestió d’impagats. L’interès legítim de l’empresa està reconegut per la normativa.</li><li>Prevenció, detecció i control d&#8217;abusos i fraus comesos a la present pàgina web o a través de la mateixa. L’interès legítim de Frigorífics Ferrer consisteix en el seu interès en mantenir la present pàgina web com un lloc web segur.</li></ul><p><strong><br />6. DESTINATARIS</strong></p><p>Frigorífics Ferrer no vendrà les dades personals objecte dels seus tractaments.</p><p>Per altra banda, l’empresa no comunicarà les dades personals a tercers, excepte en cas d&#8217;obligació legal i als tercers contractats per l’empresa per tal de poder dur a terme les finalitats de tractament indicades.</p><p><strong>7. TERMINIS DE CONSERVACIÓ</strong></p><p>En cas que la base jurídica del tractament consisteixi en el consentiment de l&#8217;usuari, les dades seran conservades mentre aquest no es revoqui.</p><p>Si la base jurídica del tractament consisteix en l’execució d’un contracte, les dades seran conservades durant la seva vigència.</p><p>Un cop finalitzada la finalitat per la qual es van recollir les dades personals, aquestes es conservaran durant tot el període de temps que poguessin exigir-se responsabilitats a Frigorífics Ferrer segons estipula la llei aplicable, procedint, si escau, al bloqueig de les dades fins que hagi transcorregut el termini de prescripció corresponent.</p><p><strong>8. DRETS DELS USUARIS</strong></p><p>L’informem que en qualsevol moment pot exercir els drets d&#8217;accés, rectificació, supressió, limitació, oposició i portabilitat respecte a les seves dades de caràcter personal previstes a la normativa en matèria de protecció de dades, enviant un escrit al domicili postal de Carrer Mes de Bigas, 2(08500) Vic o bé al correu electrònic <a href="mailto:legal@fferrer.es"><span class="cloaked_email">legal@fferrer.es</span></a></p><p>En concret, pot exercir els drets que es desenvolupen a continuació:</p><ul><li>Accedir a les seves dades personals.</li><li>Rectificar les dades inexactes o incompletes.</li><li>Sol·licitar la supressió de les seves dades quan, entre altres motius, les dades ja no siguin necessàries per les finalitats per a les quals van ser recollides.</li><li>Exercir la limitació del tractament de les dades quan es compleixi alguna de les condicions previstes en la normativa de protecció de dades.</li><li>En determinades circumstàncies i per motius relacionats amb la seva situació particular respecte al tractament de les seves dades, els interessats podran oposar-se al tractament. En aquests casos, Frigorífics Ferrer deixarà de tractar les dades, excepte per motius legítims imperiosos, o l’exercici o la defensa de possibles reclamacions.</li><li>Obtenir intervenció humana, a expressar el seu punt de vista i a impugnar les decisions automatitzades adoptades per part de Frigorífics Ferrer, si s’escau.</li><li>Sol·licitar la portabilitat de les seves dades.</li></ul><p><br />En cas de disconformitat en relació a la tramitació de les seves dades pot presentar una reclamació davant l&#8217;Agència Espanyola de Protecció de Dades, organisme que ostenta l&#8217;autoritat de control en la matèria, ubicada al carrer Jorge Juan, número 6 (28001) Madrid (www.aepd.es).</p><h4>Informació relativa a la videovigilància</h4><p><strong><br />1. RESPONSABLE DEL TRACTAMENT</strong></p><p>Raó Social: Frigorífics Ferrer, S.A.U.<br />Domicili Social: Carrer Mes de Bigas, 2(08500) Vic<br />Correu electrònic: <a href="mailto:legal@fferrer.es"><span class="cloaked_email">legal@fferrer.es</span></a><br />Telèfon: 938862500<br />NIF: A-08555344<br />Inscrita al Registre Mercantil de Barcelona, al volum 39.820, foli 178, fulla número B-14.263, inscripció 34ª.</p><p><strong>2. FINALITAT DEL TRACTAMENT</strong></p><ul><li>Garantir la seguretat de les instal·lacions, béns i persones.</li><li>Sancionar o denunciar en el seu cas qualsevol fet o incidència davant les autoritats competents o atendre els requeriments de les mateixes.</li></ul><p><strong><br />3. BASE JURÍDICA<br /></strong></p><ul><li>Compliment d’una missió d’Interès públic.</li><li>Interès legítim de l’empresa a protegir les seves instal·lacions i béns empresarials, així com les persones que concorrin en les mateixes.</li><li>Facultats legals de control concedides al responsable del tractament per la normativa laboral.</li></ul><p><strong><br />4. DESTINATARIS<br /></strong></p><ul><li>Forces i Cossos de Seguretat. Jutjats i Tribunals.</li><li>Empresa de seguretat subcontractada.</li></ul><p><strong><br />5. TERMINIS DE CONSERVACIÓ</strong></p><p>Les imatges enregistrades es conservaran com a màxim durant 1 mes, excepte en cas que s’hagi hagut de comunicar a les Forces i Cossos de Seguretat, Jutjats i/o Tribunals.</p><p><strong>6. DRETS DELS INTERESSATS</strong></p><p>L’informem que en qualsevol moment pot exercir els drets d’accés, supressió, limitació i (en el seu cas) oposició respecte a les seves dades de caràcter personal previstes a la normativa en matèria de protecció de dades, enviant un escrit al domicili postal al Carrer Mes de Bigas, 2 (08500) Vic, o bé al correu electrònic <a href="mailto:legal@fferrer.es"><span class="cloaked_email">legal@fferrer.es</span></a>. En cas de disconformitat en relació a la tramitació de les seves dades pot presentar una reclamació davant l’Agència Espanyola de Protecció de Dades, organisme que ostenta l’autoritat de control en la matèria, situada al carrer Jorge Juan, 6 (28001) Madrid (www.aepd.es).</p></div>								</div>
				</div>
					</div>
				</div>
				</div>

<p>Política de privacitat i protecció de dades Data d’última actualització: 9 de desembre de 2022 1. OBJECTE La present política de privacitat regula el tractament de dades personals que es realitza a través de la pàgina web https://www.fferrer.es/ca (en endavant, la “Pàgina Web”). 2. RESPONSABLE DEL TRACTAMENT Raó Social: Frigorífics Ferrer, S.A.U.Domicili Social: Carrer Mes de [&hellip;]</p>
