{"id":1822,"date":"2023-12-15T08:05:28","date_gmt":"2023-12-15T07:05:28","guid":{"rendered":"https:\/\/fferrer.com\/?page_id=1822"},"modified":"2025-12-24T09:47:12","modified_gmt":"2025-12-24T08:47:12","slug":"politica-de-qualitat","status":"publish","type":"page","link":"https:\/\/fferrer.com\/ca\/politica-de-qualitat\/","title":{"rendered":"Pol\u00edtica de qualitat"},"content":{"rendered":"\t\t<div data-elementor-type=\"wp-page\" data-elementor-id=\"1822\" class=\"elementor elementor-1822\" data-elementor-post-type=\"page\">\n\t\t\t\t<div class=\"elementor-element elementor-element-6215774 e-flex e-con-boxed e-con e-parent\" data-id=\"6215774\" data-element_type=\"container\" data-e-type=\"container\">\n\t\t\t\t\t<div class=\"e-con-inner\">\n\t\t\t\t<div class=\"elementor-element elementor-element-195ab9b elementor-widget elementor-widget-text-editor\" data-id=\"195ab9b\" data-element_type=\"widget\" data-e-type=\"widget\" data-widget_type=\"text-editor.default\">\n\t\t\t\t<div class=\"elementor-widget-container\">\n\t\t\t\t\t\t\t\t\t<h4><strong>POL\u00cdTICA DE QUALITAT<\/strong><\/h4><p>La Direcci\u00f3 considera que la Gesti\u00f3 de la Qualitat \u00e9s clau pel futur de FRIGOR\u00cdFICS FERRER, i per a la seva excel\u00b7l\u00e8ncia en el seu \u00e0mbit d\u2019aplicaci\u00f3 que \u00e9s la \u201cManipulaci\u00f3, venda i distribuci\u00f3 de productes congelats i peix fresc\u201d. En aquest sentit, la Direcci\u00f3 es compromet amb els seg\u00fcents punts:\u00a0<\/p><ul><li>Orientar tots els esfor\u00e7os de l\u2019activitat en la satisfacci\u00f3 al client i totes les parts interessades com a base de l\u2019\u00e8xit, mitjan\u00e7ant la millora cont\u00ednua.<\/li><li>Continuar liderant en el sector a alimentari, innovant i creixent de manera responsable i sostenible.<\/li><li>Fomentar una actitud oberta, positiva i participativa entre tots els treballadors de l\u2019empresa.<\/li><li>Dotar a l\u2019empresa de tots els recursos apropiats i necessaris, aix\u00ed com humans i formatius, per aconseguir la m\u00e0xima efici\u00e8ncia en cada una de les \u00e0rees de l\u2019activitat complint amb els requisits del producte i el proc\u00e9s.<\/li><li>Complir amb tots els requisits legals i normatius en mat\u00e8ria de seguretat aliment\u00e0ria, qualitat del producte, legalitat, autenticitat i d\u2019altres mat\u00e8ries que li siguin d\u2019aplicaci\u00f3.<\/li><li>Garantir la seguretat, qualitat i legalitat dels nostres productes mitjan\u00e7ant l\u2019aplicaci\u00f3 de plans de defensa aliment\u00e0ria i de prevenci\u00f3 del frau, basats en l\u2019an\u00e0lisi de vulnerabilitats i en la implantaci\u00f3 de mesures de control eficaces.<\/li><li>Treballar en la implementaci\u00f3 del pla de la cultura en seguretat aliment\u00e0ria i promoure\u2019n la conscienciaci\u00f3 a tots els nivells de l\u2019organitzaci\u00f3.<\/li><li>Treballar per minimitzar l\u2019impacte mediambiental, el malbaratament alimentari, i la sostenibilitat, reduint la generaci\u00f3 de residus i apostant per energies renovables i\/o menys contaminants.<\/li><\/ul><p><span style=\"font-weight: bolder;\">Ger\u00e8ncia,<\/span>\u00a0a 19\/12\/2025<\/p>\t\t\t\t\t\t\t\t<\/div>\n\t\t\t\t<\/div>\n\t\t\t\t\t<\/div>\n\t\t\t\t<\/div>\n\t\t\t\t<\/div>\n\t\t","protected":false},"excerpt":{"rendered":"<p>POL\u00cdTICA DE QUALITAT La Direcci\u00f3 considera que la Gesti\u00f3 de la Qualitat \u00e9s clau pel futur de FRIGOR\u00cdFICS FERRER, i per a la seva excel\u00b7l\u00e8ncia en el seu \u00e0mbit d\u2019aplicaci\u00f3 que \u00e9s la \u201cManipulaci\u00f3, venda i distribuci\u00f3 de productes congelats i peix fresc\u201d. En aquest sentit, la Direcci\u00f3 es compromet amb els seg\u00fcents punts:\u00a0 Orientar [&hellip;]<\/p>\n","protected":false},"author":2,"featured_media":0,"parent":0,"menu_order":0,"comment_status":"closed","ping_status":"closed","template":"","meta":{"_monsterinsights_skip_tracking":false,"_monsterinsights_sitenote_active":false,"_monsterinsights_sitenote_note":"","_monsterinsights_sitenote_category":0,"footnotes":""},"class_list":["post-1822","page","type-page","status-publish","hentry"],"aioseo_notices":[],"_links":{"self":[{"href":"https:\/\/fferrer.com\/ca\/wp-json\/wp\/v2\/pages\/1822","targetHints":{"allow":["GET"]}}],"collection":[{"href":"https:\/\/fferrer.com\/ca\/wp-json\/wp\/v2\/pages"}],"about":[{"href":"https:\/\/fferrer.com\/ca\/wp-json\/wp\/v2\/types\/page"}],"author":[{"embeddable":true,"href":"https:\/\/fferrer.com\/ca\/wp-json\/wp\/v2\/users\/2"}],"replies":[{"embeddable":true,"href":"https:\/\/fferrer.com\/ca\/wp-json\/wp\/v2\/comments?post=1822"}],"version-history":[{"count":18,"href":"https:\/\/fferrer.com\/ca\/wp-json\/wp\/v2\/pages\/1822\/revisions"}],"predecessor-version":[{"id":7132,"href":"https:\/\/fferrer.com\/ca\/wp-json\/wp\/v2\/pages\/1822\/revisions\/7132"}],"wp:attachment":[{"href":"https:\/\/fferrer.com\/ca\/wp-json\/wp\/v2\/media?parent=1822"}],"curies":[{"name":"wp","href":"https:\/\/api.w.org\/{rel}","templated":true}]}}

Política de qualitat

<div data-elementor-type="wp-page" data-elementor-id="1822" class="elementor elementor-1822" data-elementor-post-type="page">
				<div class="elementor-element elementor-element-6215774 e-flex e-con-boxed e-con e-parent" data-id="6215774" data-element_type="container" data-e-type="container">
					<div class="e-con-inner">
				<div class="elementor-element elementor-element-195ab9b elementor-widget elementor-widget-text-editor" data-id="195ab9b" data-element_type="widget" data-e-type="widget" data-widget_type="text-editor.default">
				<div class="elementor-widget-container">
									<h4><strong>POLÍTICA DE QUALITAT</strong></h4><p>La Direcció considera que la Gestió de la Qualitat és clau pel futur de FRIGORÍFICS FERRER, i per a la seva excel·lència en el seu àmbit d’aplicació que és la “Manipulació, venda i distribució de productes congelats i peix fresc”. En aquest sentit, la Direcció es compromet amb els següents punts: </p><ul><li>Orientar tots els esforços de l’activitat en la satisfacció al client i totes les parts interessades com a base de l’èxit, mitjançant la millora contínua.</li><li>Continuar liderant en el sector a alimentari, innovant i creixent de manera responsable i sostenible.</li><li>Fomentar una actitud oberta, positiva i participativa entre tots els treballadors de l’empresa.</li><li>Dotar a l’empresa de tots els recursos apropiats i necessaris, així com humans i formatius, per aconseguir la màxima eficiència en cada una de les àrees de l’activitat complint amb els requisits del producte i el procés.</li><li>Complir amb tots els requisits legals i normatius en matèria de seguretat alimentària, qualitat del producte, legalitat, autenticitat i d’altres matèries que li siguin d’aplicació.</li><li>Garantir la seguretat, qualitat i legalitat dels nostres productes mitjançant l’aplicació de plans de defensa alimentària i de prevenció del frau, basats en l’anàlisi de vulnerabilitats i en la implantació de mesures de control eficaces.</li><li>Treballar en la implementació del pla de la cultura en seguretat alimentària i promoure’n la conscienciació a tots els nivells de l’organització.</li><li>Treballar per minimitzar l’impacte mediambiental, el malbaratament alimentari, i la sostenibilitat, reduint la generació de residus i apostant per energies renovables i/o menys contaminants.</li></ul><p><span style="font-weight: bolder;">Gerència,</span> a 19/12/2025</p>								</div>
				</div>
					</div>
				</div>
				</div>

<p>POLÍTICA DE QUALITAT La Direcció considera que la Gestió de la Qualitat és clau pel futur de FRIGORÍFICS FERRER, i per a la seva excel·lència en el seu àmbit d’aplicació que és la “Manipulació, venda i distribució de productes congelats i peix fresc”. En aquest sentit, la Direcció es compromet amb els següents punts:  Orientar [&hellip;]</p>
